-20831b (base 13) in base 8?
-2715565
Convert -135b1 (base 15) to base 3.
-10011002211
-1223656 (base 11) to base 16
-20776d
What is 206366 (base 11) in base 10?
330523
-364606 (base 10) to base 9
-615127
2124501 (base 6) to base 13
3888a
What is 2001142 (base 7) in base 8?
714310
What is -3121112 (base 8) in base 15?
-1154d8
Convert 3443427 (base 11) to base 3.
102022221120110
-256113 (base 7) to base 13
-18960
-3217405 (base 8) to base 5
-210004114
9343102 (base 10) to base 13
1c21882
What is -501541 (base 7) in base 5?
-10202102
420132033 (base 5) to base 9
3216815
Convert 62590 (base 10) to base 16.
f47e
-116324 (base 8) to base 7
-225023
517137 (base 8) to base 16
29e5f
-121211004 (base 5) to base 11
-359971
What is 1123111221 (base 4) in base 12?
160609
What is -1a4a48 (base 11) in base 7?
-2445406
-5011265 (base 7) to base 8
-2202436
107321 (base 16) to base 2
100000111001100100001
What is 21132414 (base 5) in base 3?
100000010020
What is -be9aa (base 15) in base 13?
-182c83
Convert 1b69d (base 16) to base 7.
645235
-885cb (base 16) to base 8
-2102713
Convert -1187460 (base 11) to base 12.
-833a9b
c5d9 (base 14) to base 11
2368a
Convert -2110100 (base 6) to base 15.
-20530
Convert 230112011 (base 4) to base 3.
100020011022
Convert -10a40b (base 12) to base 6.
-5414415
What is 120311303 (base 4) in base 8?
306563
Convert -2197 (base 13) to base 2.
-1001001001111
30000032 (base 4) to base 5
3033131
What is -1203332231 (base 4) in base 7?
-3323633
Convert -25633306 (base 8) to base 13.
-1251759
-3421622 (base 7) to base 15
-861a5
-1356455 (base 8) to base 13
-105bc8
-26205625 (base 8) to base 2
-10110010000101110010101
What is 252078a (base 11) in base 9?
8213275
-1101011000010101011111 (base 2) to base 5
-1344220201
Convert 112122221010 (base 3) to base 9.
478833
Convert 191a690 (base 11) to base 14.
608484
Convert -195290 (base 15) to base 11.
-771a69
Convert -b333c (base 13) to base 5.
-40240240
What is 3004354 (base 6) in base 8?
423256
What is -11022022 (base 4) in base 16?
-528a
Convert -648225 (base 10) to base 12.
-273169
What is -aa004 (base 14) in base 9?
-686547
Convert -23410445 (base 7) to base 16.
-1f9583
Convert 25345303 (base 6) to base 12.
338233
Convert dd5d6 (base 15) to base 12.
29b026
6125331 (base 7) to base 14
14db51
What is -100440762 (base 8) in base 15?
-1744cea
102eac (base 15) to base 8
2736635
Convert 67125 (base 10) to base 12.
32a19
Convert 1aa0c06 (base 14) to base 7.
220666606
Convert 142a003 (base 12) to base 16.
3da583
130231020 (base 4) to base 5
12230301
Convert -10d7d0 (base 16) to base 15.
-16c0d4
Convert -116c59 (base 13) to base 9.
-702414
What is 221110012120211 (base 3) in base 7?
222654154
-12211111000 (base 4) to base 16
-1a5540
-433c (base 15) to base 10
-14232
Convert 52466003 (base 7) to base 5.
2113433313
-20046565 (base 8) to base 12
-14b2899
What is 5036a7 (base 12) in base 7?
13425202
21367 (base 13) to base 4
32220013
-113555105 (base 6) to base 2
-1000001011111011010001
What is -1155505425 (base 6) in base 2?
-110011001110111001111001
33323233 (base 4) to base 9
108464
Convert -12a303 (base 11) to base 4.
-301303221
Convert 754372 (base 8) to base 11.
1624a1
104665 (base 7) to base 2
100100001011000
What is -2430696 (base 11) in base 6?
-230412544
-21a6a (base 14) to base 12
-3b2a6
Convert -183cac2 (base 14) to base 4.
-231231121202
What is 16483a (base 14) in base 16?
bea74
1121002101220 (base 3) to base 14
181121
What is -127121 (base 9) in base 11?
-53150
Convert -5006a (base 14) to base 16.
-2eeae
What is 92663c (base 16) in base 5?
4424010203
What is -103003031 (base 4) in base 11?
-53696
3c351 (base 13) to base 12
55210
Convert -5112210 (base 7) to base 12.
-253bb0
What is -31d87 (base 15) in base 5?
-20031202
Convert -220201102200 (base 3) to base 4.
-1312302132
-53dae (base 16) to base 12
-146926
What is -333311213 (base 4) in base 15?
-5271e
Convert 21726666 (base 8) to base 10.
4697526
Convert -123313032 (base 4) to base 11.
-78821
What is 134710 (base 14) in base 13?
1a3b63
What is -7614461 (base 8) in base 12?
-823529
501761 (base 10) to base 7
4156601
-23b62 (base 15) to base 14
-2d74a
What is 389a957 (base 13) in base 12?
5b31273
11744 (base 10) to base 8
26740
Convert -1b81d5 (base 14) to base 3.
-1211221001121
What is -424373 (base 13) in base 11?
-96a891
-34035415 (base 7) to base 5
-1223402401
-24c82 (base 16) to base 11
-a3212
Convert -273625 (base 8) to base 15.
-1d74e
-134b937 (base 12) to base 7
-44414002
Convert 100100001010110011 (base 2) to base 4.
210022303
-40bc3a (base 14) to base 3
-11002221201121
-b620c (base 15) to base 2
-10001101000000110011
What is 18fc0f (base 16) in base 4?
12033300033
112012220120222 (base 3) to base 8
34646644
Convert 136052 (base 9) to base 13.
2bb05
Convert -6422116 (base 9) to base 16.
-347b9e
What is -54538 (base 10) in base 15?
-1125d
Convert -501554 (base 9) to base 12.
-123664
What is -1ec17 (base 16) in base 13?
-45455
Convert 101001011010100010010 (base 2) to base 8.
5132422
Convert -16266124 (base 8) to base 4.
-32112301110
-19b19b (base 12) to base 14
-bba07
Convert -72a6693 (base 11) to base 13.
-288b98b
1aa4a8 (base 11) to base 10
321373
-345106 (base 8) to base 15
-24b63
21122100220 (base 3) to base 12
73089
Convert 56038 (base 14) to base 3.
101121010201
Convert 1101011110000101011 (base 2) to base 15.
8abac
-1111101110100000100001 (base 2) to base 5
-2023411112
Convert -10024105 (base 6) to base 2.
-1000101001100101001
Convert 1b20d (base 14) to base 7.
405116
What is -1000000111010100000 (base 2) in base 13?
-9403c
Convert 67b66 (base 15) to base 2.
1010000100011011010
1136315 (base 15) to base 16
bc0804
What is -4143004 (base 5) in base 4?
-100232120
Convert 17541 (base 11) to base 2.
110000000100000
What is -61041 (base 14) in base 3?
-102212000122
-334a89 (base 13) to base 10
-1210153
What is 1120202101 (base 3) in base 4?
13213000
Convert -341323 (base 6) to base 13.
-10194
Convert -35773 (base 9) to base 5.
-1231321
153844 (base 10) to base 7
1210345
What is 223234332 (base 5) in base 4?
3302131010
Convert -44464600 (base 7) to base 10.
-3848068
Convert 1424260 (base 7) to base 8.
565327
90106 (base 12) to base 4
231212112
What is -123166 (base 8) in base 13?
-16520
1201121201101 (base 3) to base 4
3200001211
15547610 (base 8) to base 12
12528b4
What is 83004 (base 10) in base 2?
10100010000111100
Convert -322113505 (base 6) to base 8.
-25600461
1112682 (base 10) to base 3
2002112022110
31024022 (base 5) to base 7
2066000
11121211201201 (base 3) to base 4
21113322232
What is 5610535 (base 9) in base 15?
3e9582
-163250326 (base 7) to base 9
-22804817
What is -3839551 (base 10) in base 9?
-7201777
Convert -611130 (base 9) to base 15.
-7227c
Convert -855235 (base 9) to base 13.
-14a908
Convert -100002220200 (base 3) to base 10.
-179271
Convert 5139a63 (base 11) to base 8.
42476505
-10102102201101 (base 3) to base 5
-431210003
What is -189095 (base 11) in base 3?
-112202011110
Convert -23133440 (base 6) to base 7.
-6024510
Convert -110102212000 (base 4) to base 9.
-11006314
What is 6478b3 (base 12) in base 10?
1589319
Convert 1cb902 (base 16) to base 8.
7134402
Convert -443a85 (base 11) to base 4.
-2230313200
What is 940152 (base 11) in base 8?
5601551
65b286 (base 13) to base 3
11111200120022
-145222424 (base 7) to base 9
-20203375
10014676 (base 8) to base 5
1014304432
-1011111101010110010110 (base 2) to base 13
-859b6b
What is 1431509 (base 11) in base 8?
11307701
What is -4350402 (base 6) in base 16?
-34e02
What is 22230101230 (base 4) in base 6?
140023524
Convert 11935a (base 12) to base 13.
a000c
What is 1564b (base 15) in base 9?
114478
10000111010010 (base 2) to base 13
3c30
Convert -223441314 (base 5) to base 15.
-14b28e
What is 1000001010111101111 (base 2) in base 10?
267759
444db (base 14) to base 11
103481
1000010001001111110111001 (base 2) to base 14
2436185
What is 35466b (base 12) in base 5?
204424120
What is 788a7 (base 11) in base 2?
11011111000101100
What is 10001110001011001100 (base 2) in base 8?
2161314
What is -110111011010010011 (base 2) in base 12?
-ab417
What is -878a9 (base 15) in base 12?
-189220
Convert -8acb0c (base 16) to base 5.
-4312032243
-146387 (base 9) to base 3
-11120102221